e remainder when h is divided by 27?
26
Let t be -1*(-15)/(-2)*(-92)/6. Let j = t + -78. What is the remainder when j is divided by 10?
7
Let a = 291 + 22. Calculate the remainder when a is divided by 21.
19
Let b be -3 - -71 - 3*1. Suppose -b + 23 = 3*u. Calculate the remainder when 41 is divided by 3*(u/3)/(-1).
13
Suppose -5*y + 696 = 251. Let o(t) = t**2 + 14*t + 43. Let l be o(-12). Suppose -2*b + y - l = 0. What is the remainder when b is divided by 9?
8
Let s = 9 - -124. Let n = s + -118. Calculate the remainder when n is divided by 6.
3
Let y(r) = -r**3 - 7*r**2 + 3*r + 12. Let j be y(-7). Let h be j/(-21) + 33/21. Calculate the remainder when 71 is divided by -4 + (36/h - 2).
11
Suppose 5*c - 3*o - 34 = 0, 0*o - 4*o = 3*c - 3. Suppose -4*m + 105 = 3*a, c*a - 26 - 23 = -2*m. What is the remainder when 106 is divided by m?
25
Let h be 1/(-1*1/(-19)). Suppose -2*b + g + 6 = -7, 2*b - h = 3*g. What is the remainder when b is divided by 4?
1
Suppose -n - 13 = -5*c, -2*n + c + 3*c = -4. What is the remainder when 2 - (-3)/(n/172) is divided by 23?
22
Let c = 346 + -293. Calculate the remainder when 633 is divided by c.
50
Let n(a) = a**2 + 3*a - 1. Let d be n(-4). Suppose 2*i + 5*h = 7*i - 395, 4*h = -d*i + 258. Calculate the remainder when i is divided by 17.
14
Let d = -134 - -191. Let l(n) = -n**3 + 25*n**2 - 21*n + 8. Let r be l(24). Suppose -r = 19*p - 23*p. What is the remainder when d is divided by p?
17
Let w be (-1)/(5 - 1 - 2135/535). Let b = w - -119. Calculate the remainder when b is divided by 5.
2
Let n = -50 - -105. Let z = 97 - n. Calculate the remainder when z is divided by 15.
12
Suppose 520 = 13*n + 221. Suppose 0 = x + 2*o - 57, 4*x + 5*o + 0*o = 243. Calculate the remainder when x is divided by n.
21
What is the remainder when 1 - (115/10)/(4/(-8)) is divided by 14?
10
Let o = -35 - -70. Let x be (-15)/(-2)*140/21. Let f = x - o. What is the remainder when f is divided by 9?
6
Let z = -5584 - -5608. Suppose -4*d + 5 + 11 = 0. Suppose d*o + 5 = 5*o. Calculate the remainder when z is divided by o.
4
Suppose 2*i + 3*s - 74 = 0, 132*s - 130*s = -3*i + 106. Let t = 1 - -8. What is the remainder when i is divided by t?
7
What is the remainder when (-20100)/(-200)*(-8)/(-3) is divided by 17?
13
Let i(j) = -j - 8. Let m be i(-16). Let v(k) = -7*k + 6. Let s be v(m). Let a = s - -77. Calculate the remainder when a is divided by 7.
6
Suppose -15 = 10*o - 65. What is the remainder when 178 is divided by o?
3
Let h = 28 - -66. Calculate the remainder when h is divided by 25.
19
Calculate the remainder when (-2)/9 - 6580/(-45) is divided by 3.
2
Suppose -238 = 5*h - 578. What is the remainder when 881 is divided by h?
65
Let j(l) = 10*l**2 - l. Let a(t) = -5*t + 1. Let n be ((-7)/(-2))/7*-2. Calculate the remainder when j(-1) is divided by a(n).
5
Let w = 639 - 624. Let z = -230 - -332. Calculate the remainder when z is divided by w.
12
Let i(c) = 3*c**2 + 34*c + 98. Calculate the remainder when 159 is divided by i(-3).
21
Let u(l) = -l**2 - 21*l - 30. What is the remainder when u(-12) is divided by 3?
0
Suppose k + 20 = p, 3*p - 81 = -2*k - 2*k. Suppose 337 = 27*y - 72 - 806. What is the remainder when y is divided by p?
22
Let t(r) = -88*r - 399. What is the remainder when t(-21) is divided by 44?
41
Suppose 65*f = -0*f + 7995. Calculate the remainder when 604 is divided by f.
112
Let j(h) = h**2 - 7*h - 27. What is the remainder when j(-9) is divided by 12?
9
Suppose -3*c - 2 = -c. Let u = 11 - c. Suppose -u = -x - 2*x. What is the remainder when 10 is divided by x?
2
Let l(d) = d**3 - 3*d**2 - 5*d + 19. Calculate the remainder when l(10) is divided by 16.
13
Let p(l) = 7*l + 6. Let b = 29 + -25. Suppose b*u = -0*u + 44. What is the remainder when p(5) is divided by u?
8
Suppose 0 = -15*x + 17*x - 270. Calculate the remainder when x is divided by 35.
30
Let j be (-9)/2*10/(-3). Calculate the remainder when 11 is divided by (1 + -15)*j/(-30).
4
Suppose -2*d + 21 = -0*n - 3*n, -n - 8 = -d. Let q be (-37)/d - 2/(-6). What is the remainder when 2 is divided by 5/6 - 2/q?
0
Suppose -z + 2 + 2 = 0. Calculate the remainder when (-945)/(-10)*z/6 is divided by 13.
11
Let v be 38/(-9) + (-2)/(-9). Let r(c) = -c**3 - 3*c**2 + 2*c - 5. What is the remainder when ((2 - -1) + -4)/((-3)/18) is divided by r(v)?
0
What is the remainder when (-2)/(-3 + (-15670)/(-5230)) is divided by 75?
73
Suppose 0 = -y + 5*x - 0*x + 26, 32 = 4*y - 2*x. Let f(u) = 17*u + 7. What is the remainder when f(y) is divided by 22?
21
Suppose o - 4*o + 4*i = -131, o - 3*i - 47 = 0. What is the remainder when 199 is divided by o?
35
Let d be -31 + 0 + 0/(-4). Let w = d + 51. Suppose 3*a + 5*r = 4*a - 64, 4*a + r - 235 = 0. Calculate the remainder when a is divided by w.
19
Let q = 0 + 0. Suppose -10 = 5*w + 5*m, 3*w + w - 2*m - 16 = q. Suppose 2*s = -w*z - 0*s + 16, -2*s + 4 = z. What is the remainder when 34 is divided by z?
10
Let f(s) = -s**3 - 17*s**2 - 16*s + 8. What is the remainder when 9 is divided by f(-16)?
1
Suppose 20*u - 403 + 183 = 0. Suppose 2*x - 12 = -2*x. Suppose 96 = -0*r + x*r. What is the remainder when r is divided by u?
10
What is the remainder when 13 is divided by (-52)/(-7) - (-16)/(-168)*-6?
5
Let o be 20*1 - 0 - 1. Let q = o + -18. Let h(y) = 44*y**3 + 2*y - 1. Calculate the remainder when h(q) is divided by 12.
9
Let n(d) = 3*d. Let w be n(6). Suppose -2*j + w = 5*g, j - 4 = -0. Suppose -11 = x - g*x. Calculate the remainder when 32 is divided by x.
10
Let d(l) = -18*l - 1. Suppose -15*h - 2 = -14*h. Calculate the remainder when d(h) is divided by 9.
8
Let c = 996 - 972. Suppose 4 = -2*z + 58. Let j = z - c. What is the remainder when 13 is divided by j?
1
Suppose 3*f - 121 = -5*s, -16 + 75 = 2*f - s. What is the remainder when 2/(-4) - 638/(-4) is divided by f?
31
Let k be (12/15 + 1)*(-10 + 15). Calculate the remainder when -1 + 67 - 1 - 1 is divided by k + -8 + -1 + 22.
20
Suppose -9*u = -1099 - 386. Suppose -u - 126 = -3*x. What is the remainder when x is divided by 10?
7
Calculate the remainder when 28 is divided by (-9)/(-2)*(-420)/(-189).
8
Let n(m) be the third derivative of 17*m**6/120 - m**5/60 + m**4/12 - m**3/6 - 4*m**2. What is the remainder when n(1) is divided by 10?
7
Calculate the remainder when (33 - 33) + 0 + 62 is divided by 6.
2
Suppose -3*c - 5*f = 280 - 1739, f = 2*c - 964. What is the remainder when c is divided by 157?
12
Let k(a) = -a**3 + 4*a**2 - a - 4. Suppose -b = 2*b - 9. Let h be k(b). What is the remainder when 92 is divided by (2 - 3)/(h/(-62))?
30
Suppose 0 = -2*i + 3*a - 36 - 6, 2*a = 0. Calculate the remainder when 10 is divided by (-9)/(-5)*(-70)/i + -2.
2
Suppose -15*d + 1370 = -10*d. What is the remainder when d is divided by 25?
24
What is the remainder when 23 is divided by (-64)/(-6) - (-1 - 15/(-9))?
3
Suppose 0 = 5*s + 2*m - 20, -3*s - 3 + 15 = -5*m. What is the remainder when 408 is divided by s?
0
Suppose w - 14 = -5*b - 3*w, -w = -1. Suppose -b*z - 12 = -4*z. Let i = z - -5. What is the remainder when 20 is divided by i?
9
Let q(a) = a**3 + 9*a**2 + 15*a - 2. Calculate the remainder when 381 is divided by q(-6).
13
Let v(z) = -z**2 - 42*z - 68. What is the remainder when v(-12) is divided by 8?
4
Suppose q + 8 = 2*q. Suppose -2*b = -q*b + 72. Let f = b + -4. What is the remainder when 29 is divided by f?
5
Let q(i) = 22*i**2 + 5*i + 5. Let h(l) = -2*l. What is the remainder when q(-1) is divided by h(-4)?
6
Calculate the remainder when 360/2 - ((11 - 12) + 5) is divided by 15.
11
Let h = 90 + -63. Let g(o) be the first derivative of o**4/4 + 2*o**3/3 - 2*o**2 - o - 6. Calculate the remainder when g(4) is divided by h.
25
Suppose -3*z + 20 + 4 = 3*x, 0 = -5*z + 15. What is the remainder when 72 is divided by x?
2
Let n = -2002 - -2011. Let f(o) = 4*o**3 + 3*o + 0 + 1 - 5*o. Calculate the remainder when n is divided by f(1).
0
Suppose -2 + 16 = l + q, -q = 0. Calculate the remainder when 39 is divided by l.
11
Let n(w) = -3*w**3 - 7*w**2 + 4. Suppose 4*t + 0*t = 344. What is the remainder when t is divided by n(-3)?
20
Let i(w) = 2*w**2 - 22*w + 32. What is the remainder when i(16) is divided by 97?
95
Suppose -5*k - 2*b - 213 = -b, 3*b = -2*k - 93. Let d = -30 - k. What is the remainder when 